- 3*w + 380. Calculate the remainder when w is divided by p(-1).
24
Suppose 0 = 5*i - 3*j - 167, -2*i = 2*j - 38 - 32. Let h = i + -21. What is the remainder when h is divided by 11/2 + (-2)/4?
3
Let p = -5 + 11. Suppose 28 - p = 2*c. What is the remainder when 32 is divided by c?
10
Let o = 41 - 20. Let p = 17 + o. Calculate the remainder when p is divided by 13.
12
Suppose 0*u - 110 = -5*u. Suppose 2*i - 4*i = 0. Suppose -2*z - w + 65 = 3*z, i = -3*w + 15. What is the remainder when u is divided by z?
10
Suppose -5*t = 4*b - 10, 4*t - 3 = 5*b + 5. Let s = 14 - -2. Calculate the remainder when (t - -28 - -1)/1 is divided by s.
15
Let f = 0 - 1. Let m = f - 3. What is the remainder when 43 is divided by m*((-30)/8)/1?
13
Let g = 53 + -35. What is the remainder when g is divided by 5?
3
Suppose -3*o + 2*q = -3*q - 64, -34 = -2*o - q. Calculate the remainder when o is divided by 5.
3
What is the remainder when 12*(-5 - (-252)/16) is divided by 22?
19
Let i be 18*3/((-9)/(-2)). Suppose 0*z = 4*z - i. What is the remainder when 9 is divided by z?
0
Let m = 128 + -71. Suppose a + 17 - m = 0. What is the remainder when a is divided by 21?
19
Suppose 0 = -2*s - 2*x + 100, s - 2*s + 65 = 4*x. Suppose 0 = 4*h - 7*f + 4*f - s, -f = -4*h + 39. Calculate the remainder when h is divided by 5.
4
Let z(l) = -l**3 + 6*l**2 - 6*l + 3. Let g be z(5). Calculate the remainder when (g/3)/(4/(-18)) is divided by 2.
1
Suppose -4*h - x + 108 = 0, -3*h + x = 35 - 116. Calculate the remainder when h is divided by (-1 - 7/(-2))*4.
7
Suppose 0 = -u + 4 - 5. Let z(q) = -7*q. Calculate the remainder when 13 is divided by z(u).
6
Let t = 80 + -55. Calculate the remainder when t is divided by 13.
12
Suppose o = -2 + 22. What is the remainder when (-3)/(6/13)*-6 is divided by o?
19
Let l = 0 + -1. Let y(u) = 15*u**2. Calculate the remainder when 29 is divided by y(l).
14
Let l = -22 + 27. What is the remainder when 23 is divided by l?
3
Let h = -28 - -41. What is the remainder when 38 is divided by h?
12
What is the remainder when (-3)/9*-1*(-4 + 118) is divided by 20?
18
Let g(p) = 8*p**2 + 1. Suppose 0 = 3*f - 9, -5*j + 4*f = -0*f + 17. Calculate the remainder when 27 + -1 + 1 + -1 is divided by g(j).
8
Suppose -x = 2*h + 2*x + 6, 0 = x - 2. What is the remainder when ((-2)/(-4))/((-1)/h) is divided by 2?
1
Let y(d) = 3*d - 3. Calculate the remainder when (-100)/8*4/(-5) is divided by y(3).
4
Suppose 3*h + 87 = 2*l, -h - 55 = -3*l + 86. Let v = -33 + l. Suppose 4*s + 0*s - 100 = -4*g, -4*g = 12. Calculate the remainder when s is divided by v.
13
Suppose 0*y - 20 = -2*y. What is the remainder when 60 is divided by (y - 8) + 29*1?
29
Suppose 3*b - 67 = -u, 3*b + 0*u = u + 77. What is the remainder when 68 is divided by b?
20
Let d(q) = -q**3 - 7*q**2 - 6*q - 8. Let r be d(-6). Let m = 26 - 15. Let t = r + m. Calculate the remainder when 4 is divided by t.
1
Suppose u = -u + 10, -3*k = u + 13. Let i(p) = -7*p. Calculate the remainder when i(k) is divided by 9.
6
Let t be ((-7)/(-2))/(9/882). What is the remainder when 33 is divided by t/28 - 1/4?
9
Let z(c) be the second derivative of c**4/6 + 5*c**3/6 + c**2/2 - c. What is the remainder when z(-7) is divided by 2928/132 + 2/(-11)?
20
Suppose -5*b = 2*w - 98, -2*w - 58 = -3*b - 3*w. What is the remainder when 88 is divided by b?
16
Let y = 47 + -19. Let r = 11 + 4. Calculate the remainder when y is divided by r.
13
Let n(m) = 1 + 6*m**3 - 24*m**3 - 2. Suppose -4*y + 81 = -51. What is the remainder when y is divided by n(-1)?
16
Suppose -12 + 0 = -3*a. Let u be 0/5 + 11*5. Suppose -5*o = -u + 5. What is the remainder when o is divided by a?
2
Let k = 142 - 77. What is the remainder when k is divided by 33?
32
Let d be 2/(-6) + 16/(-6). Calculate the remainder when 1/d + (-1248)/(-18) is divided by 18.
15
Suppose 5*f - 10 = 0, -3*n + 2*f = -15 - 17. Calculate the remainder when 46 is divided by n.
10
Calculate the remainder when (147/9)/(2/6) is divided by 13.
10
Let v = 0 - -3. Suppose -v*q = -q. Let b = 3 + q. Calculate the remainder when 4 is divided by b.
1
Let r(z) = -6*z - 5. Let x(b) = -5*b - 4. Suppose 0 = -0*a - 4*a + 8. Let c(s) = a*r(s) - 3*x(s). What is the remainder when 23 is divided by c(2)?
7
Let l(w) = -w**3 - 9*w**2 + 1. Let o(v) = 6*v + 3. Let f be o(-2). Let m be l(f). What is the remainder when 1 is divided by (2 + -2 + m)*1?
0
Let j(r) = r**3 + 7*r**2 + 5*r + 4. Calculate the remainder when j(-3) is divided by (6/(-4) + 2)*18.
7
Let u(x) be the third derivative of -1/3*x**4 + 2*x**2 - 5/6*x**3 + 0 + 0*x - 1/60*x**5. What is the remainder when u(-6) is divided by 4?
3
Suppose h + 5*i + 8 = -2*h, -5*h - 3*i + 8 = 0. Suppose -8 = 2*p + h*x, 4*p = -4*x - 1 + 5. Calculate the remainder when 11 is divided by p.
5
Let t(v) = v - 9. Let z be t(7). Let w be z/8 - 54/(-24). Suppose w*p - 5 = 4*q + 25, 0 = -3*p + 3*q + 33. What is the remainder when 12 is divided by p?
5
Let q = 20 + -9. Suppose -2*g = -4 - 8. What is the remainder when q is divided by g?
5
Let c(q) = -q - 2. Let x be c(-6). Let y = -10 + x. Calculate the remainder when (-729)/(-21) - y/21 is divided by 12.
11
Suppose 2*a - 2*t + 12 = 0, 9 + 11 = -4*a + 3*t. What is the remainder when 3/6*a - -81 is divided by 27?
26
Let k(z) = -z**3 - z**2 + 2. What is the remainder when k(0) is divided by 2?
0
Let i(o) be the second derivative of o**4/12 + 2*o**3/3 - 3*o**2/2 + 2*o. Calculate the remainder when i(4) is divided by 8.
5
Suppose 53 = 2*w + z, -5*w + 5*z + 47 = -3*w. Calculate the remainder when w is divided by 7.
5
Let t(g) = 7*g**2 - 3*g - 2. Calculate the remainder when 22 is divided by t(-1).
6
Let m(g) = -3 + 4 + g + 0*g. What is the remainder when m(3) is divided by (-4)/(-6) - (-14)/6?
1
Suppose 23 = 4*u - 3*p + 67, 2*p = u + 16. Let j = 1 - u. Suppose n = 2*n - 5*a - 25, -4*a - 36 = -4*n. What is the remainder when j is divided by n?
4
Let o(d) = 7*d - 1. Let t be o(-5). Let f = 12 - t. What is the remainder when f is divided by 17?
14
Let k = -15 + 35. Calculate the remainder when ((-4)/8)/(-1)*74 is divided by k.
17
Calculate the remainder when 160 - (1 - 3 - 1) is divided by 33.
31
Let b = -165 + 171. Calculate the remainder when 10 is divided by b.
4
Suppose -z + 70 = 4*z. Suppose -3*k - 2*k = 0. Suppose k*p - 20 = -4*p. Calculate the remainder when z is divided by p.
4
Let x = -9 + 36. Suppose -5*s - 27 = -97. What is the remainder when x is divided by s?
13
Suppose 0 = -5*j - 3*c + 27 + 22, 11 = j + c. Suppose -2*z - 8 = 0, 3*z = -3*g - 0*z - 6. Suppose g*w - 1 = 43. Calculate the remainder when w is divided by j.
6
Suppose -d - p + 6 = p, -2 = -p. Suppose -d*q + 4*a + 20 = 0, -4*q + 15 = -5*a - 28. What is the remainder when 23 is divided by q?
11
Let y(s) = 2*s**2 - 11*s - 17. Calculate the remainder when 13 is divided by y(7).
1
Suppose -187 + 47 = -4*g. What is the remainder when 135 is divided by g?
30
Let o(c) = c**2 - 2*c - 3. Let y be o(-2). Let f = y + -8. Calculate the remainder when (24 + 0)/f*-2 is divided by 9.
7
Let u be ((-2)/(-6))/((-1)/(-9)). Let r(j) = 6*j + 10*j - 6*j. Calculate the remainder when r(u) is divided by 16.
14
Let b = 8 - 5. Suppose b*u = 11 + 16. Let h = -8 - -13. What is the remainder when u is divided by h?
4
Let q(s) = s**2 - s + 1. Suppose 0 = -2*a - a. Suppose a*n = -x - 3*n + 11, -5*n - 61 = -3*x. Calculate the remainder when q(6) is divided by x.
14
Let p(j) = 3*j - 6. What is the remainder when 23 is divided by p(5)?
5
Calculate the remainder when 14 is divided by ((-8)/5)/((-20)/50).
2
Suppose -4*o + 88 = 7*o. Suppose -1 + 0 = -y, -5*i - 5*y = -115. What is the remainder when i is divided by o?
6
Suppose -2*m = -0*m + 32. Let w(g) = -2*g + 10. Calculate the remainder when w(m) is divided by 11.
9
Let d(i) = 0*i**2 + i**2 - 3*i**2 + 3 + i**2. Let l be d(0). Suppose 3*h - 2*b - 5 = 0, h - b - 15 = -l*h. Calculate the remainder when 14 is divided by h.
4
Let c be (-1)/(-4)*6*2. Suppose h = c*h + 48. Let o = -9 - h. Calculate the remainder when o is divided by 8.
7
Let l = -5 + 20. What is the remainder when 44 is divided by l?
14
Suppose 0 = -m - 2*a - 5, -5*m + 4*a = 4 - 35. Let h(p) = 6*p**2 - 1 - 3*p**3 + 2*p**3 - 2*p + 2*p**m. Calculate the remainder when 20 is divided by h(-6).
9
Suppose 0*t